 11) in base 16?
1493e
1232a (base 11) to base 15
539d
What is -37b73b (base 15) in base 10?
-2671256
-13031231322 (base 4) to base 16
-1cdb7a
-30001220 (base 4) to base 5
-3034011
-1b66c (base 13) to base 5
-3210312
201333233 (base 4) to base 8
417757
-3140420 (base 6) to base 3
-21202222210
What is -213130001132 (base 4) in base 11?
-5921434
What is -342140310 (base 5) in base 12?
-614496
What is -101100010111110001 (base 2) in base 12?
-89215
Convert 12126525 (base 7) to base 6.
35112500
328473 (base 9) to base 15
3d346
What is 421a94 (base 12) in base 8?
3757320
-191307 (base 10) to base 15
-3ba3c
503658 (base 10) to base 16
7af6a
What is 20213113 (base 4) in base 12?
18507
-22105 (base 6) to base 2
-101111111001
15ca27 (base 13) to base 16
845e9
Convert -9cebc (base 15) to base 3.
-221101010020
102002011210020 (base 3) to base 6
330114310
What is -3626 (base 14) in base 3?
-110221201
2a48ad (base 14) to base 15
1e1470
What is -422012404 (base 5) in base 14?
-33817d
Convert 534690 (base 11) to base 3.
1121110021210
What is -5a5ab4 (base 12) in base 15?
-1dd191
Convert 2363995 (base 12) to base 4.
122020033001
What is -11011100110111010 (base 2) in base 12?
-55536
What is -1650074 (base 8) in base 4?
-1311000330
Convert 345400544 (base 6) to base 3.
110002022221201
-1401402 (base 7) to base 10
-185418
What is -23232624 (base 7) in base 10?
-2041848
Convert -100010011110101000 (base 2) to base 4.
-202132220
23344012 (base 5) to base 7
1555205
Convert 3010015 (base 6) to base 12.
6990b
Convert 2b0e5 (base 15) to base 11.
95141
What is -1100001101111000001100 (base 2) in base 12?
-10a5410
101001100111110111 (base 2) to base 15
357ac
Convert -402 (base 14) to base 15.
-376
Convert 45358b4 (base 12) to base 3.
220221200121201
What is 111011110010010100 (base 2) in base 5?
30314014
What is -3374052 (base 8) in base 3?
-1201111211100
36b73 (base 12) to base 3
10202211220
What is -12666442 (base 9) in base 7?
-104034542
-2e4a (base 15) to base 10
-9970
What is -120311010302 (base 4) in base 12?
-221a842
-4b6ac (base 13) to base 4
-202010233
What is -555520045 (base 6) in base 11?
-575a716
What is 26411 (base 15) in base 3?
20012220221
Convert 1a75c (base 15) to base 9.
141016
What is -65005 (base 13) in base 8?
-544124
Convert -3333023 (base 7) to base 8.
-1443741
-8bf8d (base 16) to base 12
-237951
Convert -13320000 (base 4) to base 7.
-163020
23333023231 (base 4) to base 15
421121
-101010111000001111 (base 2) to base 6
-3433035
Convert -2203130112 (base 4) to base 3.
-1021000022220
-14572c (base 15) to base 6
-33002423
Convert 11030003 (base 4) to base 6.
242215
Convert 13064540 (base 8) to base 12.
b84428
14a4 (base 14) to base 3
12001000
43371511 (base 8) to base 9
18448107
357224 (base 9) to base 16
348c7
Convert 101101100100101000 (base 2) to base 16.
2d928
-101100001100001000110 (base 2) to base 13
-3b9111
Convert 118664 (base 12) to base 7.
2262646
Convert 164276 (base 14) to base 16.
be610
Convert 1561322 (base 7) to base 11.
138806
Convert -2a43c8 (base 16) to base 7.
-32354256
What is -d5578 (base 14) in base 8?
-1754246
-633451 (base 7) to base 14
-2bb98
What is -8246051 (base 11) in base 16?
-de2fac
-33690 (base 14) to base 6
-2401410
Convert 10010101011111000101 (base 2) to base 8.
2253705
Convert -13333 (base 6) to base 4.
-200121
-2454025 (base 6) to base 5
-13204102
-12202221020222 (base 3) to base 11
-1806aa3
Convert -736632 (base 8) to base 5.
-30321041
Convert -12059c (base 15) to base 13.
-2423ca
What is -1332458 (base 10) in base 8?
-5052352
Convert -1789075 (base 11) to base 2.
-1011100011010010001011
What is 1204566 (base 9) in base 5?
131343140
Convert -15743747 (base 8) to base 3.
-20212201121122
What is -370616 (base 9) in base 8?
-664527
Convert 61a40a (base 12) to base 14.
2bc238
-2005333 (base 7) to base 8
-717200
Convert 3414021 (base 5) to base 4.
32301133
Convert -4066043 (base 7) to base 6.
-14235015
-2100112102021 (base 3) to base 6
-42445311
What is -5355650 (base 7) in base 13?
-19b12b
1021100121 (base 3) to base 6
311541
Convert -a083 (base 13) to base 5.
-1201302
Convert -13522858 (base 10) to base 6.
-1201501454
Convert -3624355 (base 8) to base 10.
-993517
What is 1215564 (base 7) in base 12?
76106
Convert -764547 (base 9) to base 6.
-13435241
What is 3b3786 (base 12) in base 8?
3573626
What is 100101101000010101101 (base 2) in base 10?
1233069
What is -261c5 (base 14) in base 9?
-152432
What is -1034014 (base 5) in base 6?
-215213
Convert 9a1b69 (base 12) to base 10.
2450241
-2060150 (base 9) to base 6
-35343330
1201120011 (base 3) to base 10
33943
129758 (base 14) to base 5
131001202
Convert 107385 (base 11) to base 10.
170824
Convert -4022210 (base 5) to base 8.
-175067
What is -1829570 (base 10) in base 9?
-3387625
What is 21122212122022 (base 3) in base 10?
4071932
Convert 7a1ba (base 16) to base 5.
112001104
Convert 135094 (base 10) to base 6.
2521234
What is -700c (base 16) in base 7?
-146425
Convert -302322310020 (base 4) to base 9.
-27104136
What is fa07e (base 16) in base 7?
11463535
What is -11001100100101011100 (base 2) in base 13?
-234560
What is -4366011 (base 10) in base 7?
-52052616
-13320030 (base 5) to base 10
-135640
-42766664 (base 8) to base 15
-c12221
425015042 (base 6) to base 4
130222132202
-83636 (base 13) to base 7
-2002310
What is 3105545 (base 7) in base 9?
625842
3121303302 (base 4) to base 11
55a312
3104224 (base 5) to base 3
2120100202
23110232 (base 4) to base 3
2100121212
Convert -565a4 (base 16) to base 14.
-92c84
1001011110001011000111 (base 2) to base 5
1113423022
What is -32093 (base 14) in base 9?
-203714
Convert 22101110102 (base 3) to base 8.
502341
Convert 2aa375 (base 11) to base 3.
220111112202
-b3585 (base 13) to base 15
-654cb
What is ce6c (base 16) in base 3?
2200111012
Convert -d393 (base 15) to base 5.
-2412223
1547713 (base 8) to base 14
b8987
1625550 (base 7) to base 11
144298
What is 11040350 (base 6) in base 11?
207410
-341244340 (base 5) to base 8
-5603741
-311103200 (base 4) to base 15
-44a5b
-33300011030 (base 4) to base 7
-50045123
What is -14430442 (base 6) in base 8?
-1723732
727150 (base 8) to base 5
30210011
Convert 205017 (base 8) to base 10.
68111
Convert -41706 (base 10) to base 6.
-521030
What is -1010000010010000010001 (base 2) in base 3?
-11221122121100
What is -22143023 (base 5) in base 15?
-3c50d
What is 3e1c (base 15) in base 11?
9aa3
Convert -1020011011 (base 4) to base 8.
-1100505
Convert -279500 (base 12) to base 2.
-10100000111010010000
555611 (base 14) to base 3
12110010201101
58a8a1 (base 11) to base 7
10651054
What is 3104123440 (base 5) in base 13?
14025b7
What is 33c35 (base 16) in base 10?
212021
Convert 141a34d (base 15) to base 13.
3011c29
What is -3c89b7 (base 13) in base 6?
-51344402
Convert -4245462 (base 8) to base 5.
-242231422
Convert -5324 (base 12) to base 9.
-13431
11c3d0 (base 14) to base 6
21023442
Convert 4033154 (base 6) to base 2.
101110101011111110
3612484 (base 9) to base 12
7a4664
Convert 1000010011011001101000011 (base 2) to base 8.
102331503
Convert 2515351 (base 6) to base 5.
13302312
Convert -112230341 (base 5) to base 8.
-1740475
Convert -816cb (base 14) to base 13.
-ab99c
242001414 (base 5) to base 12
463216
Convert -30051231 (base 7) to base 12.
-9b8b89
What is -123e28 (base 15) in base 9?
-1571732
Convert -3335247 (base 9) to base 6.
-102250111
What is -3214a05 (base 11) in base 8?
-25452555
What is 2a560 (base 15) in base 10?
136215
-20a8666 (base 11) to base 2
-1110000111100011110010
-15262304 (base 7) to base 13
-3c1ab4
152522 (base 6) to base 4
3220202
-1307017 (base 11) to base 13
-613698
What is -300321000 (base 5) in base 10?
-1182625
-b4526 (base 12) to base 16
-398ee
What is -230410000 (base 5) in base 13?
-2a0338
What is 35012344 (base 6) in base 11?
67469a
Convert 237260 (base 9) to base 13.
50199
Convert 22502205 (base 9) to base 12.
37aa8a2
-102020222022 (base 3) to base 2
-110110000110011101
Convert 11111010000011001000 (base 2) to base 15.
153700
Convert -10011001011110001111010 (base 2) to base 6.
-255442202
What is 1010000011110100101010 (base 2) in base 4?
22003310222
What is 24314004 (base 5) in base 9?
378426
Convert -ca592 (base 16) to base 9.
-1502828
10200212002201 (base 3) to